{"id":3426,"date":"2024-04-22T07:29:12","date_gmt":"2024-04-22T04:29:12","guid":{"rendered":"https:\/\/imgezen.com\/?page_id=3426"},"modified":"2026-04-20T13:13:34","modified_gmt":"2026-04-20T10:13:34","slug":"gorence-dergisi-sayi20","status":"publish","type":"page","link":"https:\/\/imgezen.com\/index.php\/gorence-dergisi-sayi20\/","title":{"rendered":"G\u00d6RENCE DERG\u0130S\u0130 SAYI:20"},"content":{"rendered":"\n<div class=\"_df_book df-lite\" id=\"df_3423\"  _slug=\"nisan-2024\" data-title=\"nisan-2024\" wpoptions=\"true\" thumbtype=\"\" ><\/div><script class=\"df-shortcode-script\" nowprocket type=\"application\/javascript\">window.option_df_3423 = {\"outline\":[],\"autoEnableOutline\":\"false\",\"autoEnableThumbnail\":\"false\",\"overwritePDFOutline\":\"false\",\"direction\":\"1\",\"pageSize\":\"0\",\"source\":\"https:\\\/\\\/imgezen.com\\\/wp-content\\\/uploads\\\/2024\\\/04\\\/Gorence-Nisan-20.sayi-2024_R.pdf\",\"wpOptions\":\"true\"}; if(window.DFLIP && window.DFLIP.parseBooks){window.DFLIP.parseBooks();}<\/script>\n\n\n\n<div class=\"wp-block-file\"><object class=\"wp-block-file__embed\" data=\"https:\/\/imgezen.com\/wp-content\/uploads\/2024\/04\/Gorence-Nisan-20.sayi-2024_R.pdf\" type=\"application\/pdf\" style=\"width:100%;height:600px\" aria-label=\"G\u00f6rence Nisan-20.say\u0131 2024_R g\u00f6m\u00fcs\u00fc.\"><\/object><a id=\"wp-block-file--media-2cc7d827-b7aa-4bc1-b036-faf690320dfd\" href=\"https:\/\/imgezen.com\/wp-content\/uploads\/2024\/04\/Gorence-Nisan-20.sayi-2024_R.pdf\">G\u00f6rence Nisan-20.say\u0131 2024_R<\/a><a href=\"https:\/\/imgezen.com\/wp-content\/uploads\/2024\/04\/Gorence-Nisan-20.sayi-2024_R.pdf\" class=\"wp-block-file__button wp-element-button\" download aria-describedby=\"wp-block-file--media-2cc7d827-b7aa-4bc1-b036-faf690320dfd\">\u0130ndir<\/a><\/div>\n","protected":false},"excerpt":{"rendered":"window.option_df_3423 = {\"outline\":[],\"autoEnableOutline\":\"false\",\"autoEnableThumbnail\":\"false\",\"overwritePDFOutline\":\"false\",\"direction\":\"1\",\"pageSize\":\"0\",\"source\":\"https:\\\/\\\/imgezen.com\\\/wp-content\\\/uploads\\\/2024\\\/04\\\/Gorence-Nisan-20.sayi-2024_R.pdf\",\"wpOptions\":\"true\"}; if(window.DFLIP && window.DFLIP.parseBooks){window.DFLIP.parseBooks();} G\u00f6rence Nisan-20.say\u0131 2024_R\u0130ndir","protected":false},"author":1,"featured_media":0,"parent":0,"menu_order":0,"comment_status":"closed","ping_status":"closed","template":"","meta":[],"_links":{"self":[{"href":"https:\/\/imgezen.com\/index.php\/wp-json\/wp\/v2\/pages\/3426"}],"collection":[{"href":"https:\/\/imgezen.com\/index.php\/wp-json\/wp\/v2\/pages"}],"about":[{"href":"https:\/\/imgezen.com\/index.php\/wp-json\/wp\/v2\/types\/page"}],"author":[{"embeddable":true,"href":"https:\/\/imgezen.com\/index.php\/wp-json\/wp\/v2\/users\/1"}],"replies":[{"embeddable":true,"href":"https:\/\/imgezen.com\/index.php\/wp-json\/wp\/v2\/comments?post=3426"}],"version-history":[{"count":3,"href":"https:\/\/imgezen.com\/index.php\/wp-json\/wp\/v2\/pages\/3426\/revisions"}],"predecessor-version":[{"id":3719,"href":"https:\/\/imgezen.com\/index.php\/wp-json\/wp\/v2\/pages\/3426\/revisions\/3719"}],"wp:attachment":[{"href":"https:\/\/imgezen.com\/index.php\/wp-json\/wp\/v2\/media?parent=3426"}],"curies":[{"name":"wp","href":"https:\/\/api.w.org\/{rel}","templated":true}]}}