{"id":3407,"date":"2024-03-18T09:14:57","date_gmt":"2024-03-18T06:14:57","guid":{"rendered":"https:\/\/imgezen.com\/?page_id=3407"},"modified":"2024-03-18T09:17:10","modified_gmt":"2024-03-18T06:17:10","slug":"gorence-dergisi-sayi-19","status":"publish","type":"page","link":"https:\/\/imgezen.com\/index.php\/gorence-dergisi-sayi-19\/","title":{"rendered":"G\u00d6RENCE DERG\u0130S\u0130 SAYI: 19"},"content":{"rendered":"\n<div class=\"_df_book df-lite\" id=\"df_3403\"  _slug=\"mart-2024\" data-title=\"mart-2024\" wpoptions=\"true\" thumbtype=\"\" ><\/div><script class=\"df-shortcode-script\" nowprocket type=\"application\/javascript\">window.option_df_3403 = {\"outline\":[],\"autoEnableOutline\":\"false\",\"autoEnableThumbnail\":\"false\",\"overwritePDFOutline\":\"false\",\"direction\":\"1\",\"pageSize\":\"0\",\"source\":\"https:\\\/\\\/imgezen.com\\\/wp-content\\\/uploads\\\/2024\\\/03\\\/Gorence-Mart-19.sayi-2024-2R.pdf\",\"wpOptions\":\"true\"}; if(window.DFLIP && window.DFLIP.parseBooks){window.DFLIP.parseBooks();}<\/script>\n\n\n\n<div class=\"wp-block-file\"><object class=\"wp-block-file__embed\" data=\"https:\/\/imgezen.com\/wp-content\/uploads\/2024\/03\/Gorence-Mart-19.sayi-2024_rd.pdf\" type=\"application\/pdf\" style=\"width:100%;height:600px\" aria-label=\"G\u00f6rence Mart-19.say\u0131 2024_r g\u00f6m\u00fcs\u00fc.\"><\/object><a id=\"wp-block-file--media-1e4c6545-d406-4c8e-b65b-2aa1c642ebfc\" href=\"https:\/\/imgezen.com\/wp-content\/uploads\/2024\/03\/Gorence-Mart-19.sayi-2024_rd.pdf\">G\u00f6rence Mart-19.say\u0131 2024_r<\/a><a href=\"https:\/\/imgezen.com\/wp-content\/uploads\/2024\/03\/Gorence-Mart-19.sayi-2024_rd.pdf\" class=\"wp-block-file__button wp-element-button\" download aria-describedby=\"wp-block-file--media-1e4c6545-d406-4c8e-b65b-2aa1c642ebfc\">\u0130ndir<\/a><\/div>\n","protected":false},"excerpt":{"rendered":"window.option_df_3403 = {\"outline\":[],\"autoEnableOutline\":\"false\",\"autoEnableThumbnail\":\"false\",\"overwritePDFOutline\":\"false\",\"direction\":\"1\",\"pageSize\":\"0\",\"source\":\"https:\\\/\\\/imgezen.com\\\/wp-content\\\/uploads\\\/2024\\\/03\\\/Gorence-Mart-19.sayi-2024-2R.pdf\",\"wpOptions\":\"true\"}; if(window.DFLIP && window.DFLIP.parseBooks){window.DFLIP.parseBooks();} G\u00f6rence Mart-19.say\u0131 2024_r\u0130ndir","protected":false},"author":1,"featured_media":0,"parent":0,"menu_order":0,"comment_status":"closed","ping_status":"closed","template":"","meta":[],"_links":{"self":[{"href":"https:\/\/imgezen.com\/index.php\/wp-json\/wp\/v2\/pages\/3407"}],"collection":[{"href":"https:\/\/imgezen.com\/index.php\/wp-json\/wp\/v2\/pages"}],"about":[{"href":"https:\/\/imgezen.com\/index.php\/wp-json\/wp\/v2\/types\/page"}],"author":[{"embeddable":true,"href":"https:\/\/imgezen.com\/index.php\/wp-json\/wp\/v2\/users\/1"}],"replies":[{"embeddable":true,"href":"https:\/\/imgezen.com\/index.php\/wp-json\/wp\/v2\/comments?post=3407"}],"version-history":[{"count":2,"href":"https:\/\/imgezen.com\/index.php\/wp-json\/wp\/v2\/pages\/3407\/revisions"}],"predecessor-version":[{"id":3410,"href":"https:\/\/imgezen.com\/index.php\/wp-json\/wp\/v2\/pages\/3407\/revisions\/3410"}],"wp:attachment":[{"href":"https:\/\/imgezen.com\/index.php\/wp-json\/wp\/v2\/media?parent=3407"}],"curies":[{"name":"wp","href":"https:\/\/api.w.org\/{rel}","templated":true}]}}