{"id":3398,"date":"2024-02-07T21:23:35","date_gmt":"2024-02-07T18:23:35","guid":{"rendered":"https:\/\/imgezen.com\/?page_id=3398"},"modified":"2026-04-20T13:13:05","modified_gmt":"2026-04-20T10:13:05","slug":"gorence-dergisi-sayi18","status":"publish","type":"page","link":"https:\/\/imgezen.com\/index.php\/gorence-dergisi-sayi18\/","title":{"rendered":"G\u00d6RENCE DERG\u0130S\u0130 SAYI:18"},"content":{"rendered":"\n<div class=\"_df_book df-lite\" id=\"df_3394\"  _slug=\"subat-2024\" data-title=\"subat-2024\" wpoptions=\"true\" thumbtype=\"\" ><\/div><script class=\"df-shortcode-script\" nowprocket type=\"application\/javascript\">window.option_df_3394 = {\"outline\":[],\"autoEnableOutline\":\"false\",\"autoEnableThumbnail\":\"false\",\"overwritePDFOutline\":\"false\",\"direction\":\"1\",\"pageSize\":\"0\",\"source\":\"https:\\\/\\\/imgezen.com\\\/wp-content\\\/uploads\\\/2024\\\/02\\\/Gorence-Subat-18.sayi-2024-r.pdf\",\"wpOptions\":\"true\"}; if(window.DFLIP && window.DFLIP.parseBooks){window.DFLIP.parseBooks();}<\/script>\n\n\n\n<div class=\"wp-block-file\"><object class=\"wp-block-file__embed\" data=\"https:\/\/imgezen.com\/wp-content\/uploads\/2024\/02\/Gorence-Subat-18.sayi-2024-r.pdf\" type=\"application\/pdf\" style=\"width:100%;height:600px\" aria-label=\"G\u00f6rence \u015eubat-18.say\u0131 2024 r g\u00f6m\u00fcs\u00fc.\"><\/object><a id=\"wp-block-file--media-06f87aac-c587-4bc4-a121-e8d70f53af1e\" href=\"https:\/\/imgezen.com\/wp-content\/uploads\/2024\/02\/Gorence-Subat-18.sayi-2024-r.pdf\">G\u00f6rence \u015eubat-18.say\u0131 2024 r<\/a><a href=\"https:\/\/imgezen.com\/wp-content\/uploads\/2024\/02\/Gorence-Subat-18.sayi-2024-r.pdf\" class=\"wp-block-file__button wp-element-button\" download aria-describedby=\"wp-block-file--media-06f87aac-c587-4bc4-a121-e8d70f53af1e\">\u0130ndir<\/a><\/div>\n","protected":false},"excerpt":{"rendered":"window.option_df_3394 = {\"outline\":[],\"autoEnableOutline\":\"false\",\"autoEnableThumbnail\":\"false\",\"overwritePDFOutline\":\"false\",\"direction\":\"1\",\"pageSize\":\"0\",\"source\":\"https:\\\/\\\/imgezen.com\\\/wp-content\\\/uploads\\\/2024\\\/02\\\/Gorence-Subat-18.sayi-2024-r.pdf\",\"wpOptions\":\"true\"}; if(window.DFLIP && window.DFLIP.parseBooks){window.DFLIP.parseBooks();} G\u00f6rence \u015eubat-18.say\u0131 2024 r\u0130ndir","protected":false},"author":1,"featured_media":0,"parent":0,"menu_order":0,"comment_status":"closed","ping_status":"closed","template":"","meta":[],"_links":{"self":[{"href":"https:\/\/imgezen.com\/index.php\/wp-json\/wp\/v2\/pages\/3398"}],"collection":[{"href":"https:\/\/imgezen.com\/index.php\/wp-json\/wp\/v2\/pages"}],"about":[{"href":"https:\/\/imgezen.com\/index.php\/wp-json\/wp\/v2\/types\/page"}],"author":[{"embeddable":true,"href":"https:\/\/imgezen.com\/index.php\/wp-json\/wp\/v2\/users\/1"}],"replies":[{"embeddable":true,"href":"https:\/\/imgezen.com\/index.php\/wp-json\/wp\/v2\/comments?post=3398"}],"version-history":[{"count":2,"href":"https:\/\/imgezen.com\/index.php\/wp-json\/wp\/v2\/pages\/3398\/revisions"}],"predecessor-version":[{"id":3718,"href":"https:\/\/imgezen.com\/index.php\/wp-json\/wp\/v2\/pages\/3398\/revisions\/3718"}],"wp:attachment":[{"href":"https:\/\/imgezen.com\/index.php\/wp-json\/wp\/v2\/media?parent=3398"}],"curies":[{"name":"wp","href":"https:\/\/api.w.org\/{rel}","templated":true}]}}