{"id":3362,"date":"2023-10-19T07:41:57","date_gmt":"2023-10-19T04:41:57","guid":{"rendered":"https:\/\/imgezen.com\/?page_id=3362"},"modified":"2026-04-20T13:10:40","modified_gmt":"2026-04-20T10:10:40","slug":"gorence-dergisi-sayi14","status":"publish","type":"page","link":"https:\/\/imgezen.com\/index.php\/gorence-dergisi-sayi14\/","title":{"rendered":"G\u00d6RENCE DERG\u0130S\u0130 SAYI:14"},"content":{"rendered":"\n<div class=\"_df_book df-lite\" id=\"df_3359\"  _slug=\"ekim-2023\" data-title=\"ekim-2023\" wpoptions=\"true\" thumbtype=\"\" ><\/div><script class=\"df-shortcode-script\" nowprocket type=\"application\/javascript\">window.option_df_3359 = {\"outline\":[],\"autoEnableOutline\":\"false\",\"autoEnableThumbnail\":\"false\",\"overwritePDFOutline\":\"false\",\"direction\":\"1\",\"pageSize\":\"0\",\"source\":\"https:\\\/\\\/imgezen.com\\\/wp-content\\\/uploads\\\/2023\\\/10\\\/Gorence-Ekim-14.sayi-2023R.pdf\",\"wpOptions\":\"true\"}; if(window.DFLIP && window.DFLIP.parseBooks){window.DFLIP.parseBooks();}<\/script>\n\n\n\n<div class=\"wp-block-file\"><object class=\"wp-block-file__embed\" data=\"https:\/\/imgezen.com\/wp-content\/uploads\/2023\/10\/Gorence-Ekim-14.sayi-2023R.pdf\" type=\"application\/pdf\" style=\"width:100%;height:600px\" aria-label=\"G\u00f6rence Ekim-14.say\u0131 2023R g\u00f6m\u00fcs\u00fc.\"><\/object><a id=\"wp-block-file--media-b5903afa-5999-4ed8-9985-0e5875e86cc3\" href=\"https:\/\/imgezen.com\/wp-content\/uploads\/2023\/10\/Gorence-Ekim-14.sayi-2023R.pdf\">G\u00f6rence Ekim-14.say\u0131 2023R<\/a><a href=\"https:\/\/imgezen.com\/wp-content\/uploads\/2023\/10\/Gorence-Ekim-14.sayi-2023R.pdf\" class=\"wp-block-file__button wp-element-button\" download aria-describedby=\"wp-block-file--media-b5903afa-5999-4ed8-9985-0e5875e86cc3\">\u0130ndir<\/a><\/div>\n","protected":false},"excerpt":{"rendered":"window.option_df_3359 = {\"outline\":[],\"autoEnableOutline\":\"false\",\"autoEnableThumbnail\":\"false\",\"overwritePDFOutline\":\"false\",\"direction\":\"1\",\"pageSize\":\"0\",\"source\":\"https:\\\/\\\/imgezen.com\\\/wp-content\\\/uploads\\\/2023\\\/10\\\/Gorence-Ekim-14.sayi-2023R.pdf\",\"wpOptions\":\"true\"}; if(window.DFLIP && window.DFLIP.parseBooks){window.DFLIP.parseBooks();} G\u00f6rence Ekim-14.say\u0131 2023R\u0130ndir","protected":false},"author":1,"featured_media":0,"parent":0,"menu_order":0,"comment_status":"closed","ping_status":"closed","template":"","meta":[],"_links":{"self":[{"href":"https:\/\/imgezen.com\/index.php\/wp-json\/wp\/v2\/pages\/3362"}],"collection":[{"href":"https:\/\/imgezen.com\/index.php\/wp-json\/wp\/v2\/pages"}],"about":[{"href":"https:\/\/imgezen.com\/index.php\/wp-json\/wp\/v2\/types\/page"}],"author":[{"embeddable":true,"href":"https:\/\/imgezen.com\/index.php\/wp-json\/wp\/v2\/users\/1"}],"replies":[{"embeddable":true,"href":"https:\/\/imgezen.com\/index.php\/wp-json\/wp\/v2\/comments?post=3362"}],"version-history":[{"count":2,"href":"https:\/\/imgezen.com\/index.php\/wp-json\/wp\/v2\/pages\/3362\/revisions"}],"predecessor-version":[{"id":3714,"href":"https:\/\/imgezen.com\/index.php\/wp-json\/wp\/v2\/pages\/3362\/revisions\/3714"}],"wp:attachment":[{"href":"https:\/\/imgezen.com\/index.php\/wp-json\/wp\/v2\/media?parent=3362"}],"curies":[{"name":"wp","href":"https:\/\/api.w.org\/{rel}","templated":true}]}}