{"id":3220,"date":"2023-01-03T07:42:07","date_gmt":"2023-01-03T04:42:07","guid":{"rendered":"https:\/\/imgezen.com\/?page_id=3220"},"modified":"2023-05-09T08:11:47","modified_gmt":"2023-05-09T05:11:47","slug":"gorence-dergisi-sayi5","status":"publish","type":"page","link":"https:\/\/imgezen.com\/index.php\/gorence-dergisi-sayi5\/","title":{"rendered":"G\u00d6RENCE DERG\u0130S\u0130 SAYI:5"},"content":{"rendered":"\n<div class=\"_df_book df-lite\" id=\"df_3218\"  _slug=\"ocak-2023\" data-title=\"ocak-2023\" wpoptions=\"true\" thumbtype=\"\" ><\/div><script class=\"df-shortcode-script\" nowprocket type=\"application\/javascript\">window.option_df_3218 = {\"outline\":[],\"autoEnableOutline\":\"false\",\"autoEnableThumbnail\":\"false\",\"overwritePDFOutline\":\"false\",\"direction\":\"1\",\"pageSize\":\"0\",\"source\":\"http:\\\/\\\/imgezen.com\\\/wp-content\\\/uploads\\\/2023\\\/01\\\/Go\\u0308rence-Ocak-5.sayi-2023.pdf\",\"wpOptions\":\"true\"}; if(window.DFLIP && window.DFLIP.parseBooks){window.DFLIP.parseBooks();}<\/script>\n\n\n\n<div class=\"wp-block-file\"><object class=\"wp-block-file__embed\" data=\"http:\/\/imgezen.com\/wp-content\/uploads\/2023\/01\/Go\u0308rence-Ocak-5.sayi-2023.pdf\" type=\"application\/pdf\" style=\"width:100%;height:600px\" aria-label=\"Go\u0308rence Ocak-5.say\u0131 2023 g\u00f6m\u00fcs\u00fc.\"><\/object><a id=\"wp-block-file--media-51bfaeaf-1e9b-4040-ab6f-51ba6612c8b1\" href=\"http:\/\/imgezen.com\/wp-content\/uploads\/2023\/01\/Go\u0308rence-Ocak-5.sayi-2023.pdf\">Go\u0308rence Ocak-5.say\u0131 2023<\/a><a href=\"http:\/\/imgezen.com\/wp-content\/uploads\/2023\/01\/Go\u0308rence-Ocak-5.sayi-2023.pdf\" class=\"wp-block-file__button wp-element-button\" download aria-describedby=\"wp-block-file--media-51bfaeaf-1e9b-4040-ab6f-51ba6612c8b1\">\u0130ndir<\/a><\/div>\n","protected":false},"excerpt":{"rendered":"window.option_df_3218 = {\"outline\":[],\"autoEnableOutline\":\"false\",\"autoEnableThumbnail\":\"false\",\"overwritePDFOutline\":\"false\",\"direction\":\"1\",\"pageSize\":\"0\",\"source\":\"http:\\\/\\\/imgezen.com\\\/wp-content\\\/uploads\\\/2023\\\/01\\\/Go\\u0308rence-Ocak-5.sayi-2023.pdf\",\"wpOptions\":\"true\"}; if(window.DFLIP && window.DFLIP.parseBooks){window.DFLIP.parseBooks();} Go\u0308rence Ocak-5.say\u0131 2023\u0130ndir","protected":false},"author":1,"featured_media":0,"parent":0,"menu_order":0,"comment_status":"closed","ping_status":"closed","template":"","meta":[],"_links":{"self":[{"href":"https:\/\/imgezen.com\/index.php\/wp-json\/wp\/v2\/pages\/3220"}],"collection":[{"href":"https:\/\/imgezen.com\/index.php\/wp-json\/wp\/v2\/pages"}],"about":[{"href":"https:\/\/imgezen.com\/index.php\/wp-json\/wp\/v2\/types\/page"}],"author":[{"embeddable":true,"href":"https:\/\/imgezen.com\/index.php\/wp-json\/wp\/v2\/users\/1"}],"replies":[{"embeddable":true,"href":"https:\/\/imgezen.com\/index.php\/wp-json\/wp\/v2\/comments?post=3220"}],"version-history":[{"count":2,"href":"https:\/\/imgezen.com\/index.php\/wp-json\/wp\/v2\/pages\/3220\/revisions"}],"predecessor-version":[{"id":3296,"href":"https:\/\/imgezen.com\/index.php\/wp-json\/wp\/v2\/pages\/3220\/revisions\/3296"}],"wp:attachment":[{"href":"https:\/\/imgezen.com\/index.php\/wp-json\/wp\/v2\/media?parent=3220"}],"curies":[{"name":"wp","href":"https:\/\/api.w.org\/{rel}","templated":true}]}}