{"id":3208,"date":"2022-12-12T12:52:45","date_gmt":"2022-12-12T09:52:45","guid":{"rendered":"https:\/\/imgezen.com\/?page_id=3208"},"modified":"2023-05-09T08:10:55","modified_gmt":"2023-05-09T05:10:55","slug":"gorence-dergisi-sayi4","status":"publish","type":"page","link":"https:\/\/imgezen.com\/index.php\/gorence-dergisi-sayi4\/","title":{"rendered":"G\u00d6RENCE DERG\u0130S\u0130 SAYI:4"},"content":{"rendered":"\n<div class=\"_df_book df-lite\" id=\"df_3204\"  _slug=\"aralik-2022\" data-title=\"aralik-2022\" wpoptions=\"true\" thumbtype=\"\" ><\/div><script class=\"df-shortcode-script\" nowprocket type=\"application\/javascript\">window.option_df_3204 = {\"outline\":[],\"autoEnableOutline\":\"false\",\"autoEnableThumbnail\":\"false\",\"overwritePDFOutline\":\"false\",\"direction\":\"1\",\"pageSize\":\"0\",\"source\":\"http:\\\/\\\/imgezen.com\\\/wp-content\\\/uploads\\\/2023\\\/01\\\/Go\\u0308rence-Aralik-4.sayi-2022.pdf\",\"wpOptions\":\"true\"}; if(window.DFLIP && window.DFLIP.parseBooks){window.DFLIP.parseBooks();}<\/script>\n\n\n\n<div class=\"wp-block-file\"><object class=\"wp-block-file__embed\" data=\"http:\/\/imgezen.com\/wp-content\/uploads\/2023\/01\/Go\u0308rence-Aralik-4.sayi-2022.pdf\" type=\"application\/pdf\" style=\"width:100%;height:600px\" aria-label=\"Go\u0308rence Aral\u0131k-4.say\u0131-2022 g\u00f6m\u00fcs\u00fc.\"><\/object><a id=\"wp-block-file--media-6b5d5f03-17b7-4b6a-ad52-ae2fa793940d\" href=\"http:\/\/imgezen.com\/wp-content\/uploads\/2023\/01\/Go\u0308rence-Aralik-4.sayi-2022.pdf\">Go\u0308rence Aral\u0131k-4.say\u0131-2022<\/a><a href=\"http:\/\/imgezen.com\/wp-content\/uploads\/2023\/01\/Go\u0308rence-Aralik-4.sayi-2022.pdf\" class=\"wp-block-file__button wp-element-button\" download aria-describedby=\"wp-block-file--media-6b5d5f03-17b7-4b6a-ad52-ae2fa793940d\">\u0130ndir<\/a><\/div>\n","protected":false},"excerpt":{"rendered":"window.option_df_3204 = {\"outline\":[],\"autoEnableOutline\":\"false\",\"autoEnableThumbnail\":\"false\",\"overwritePDFOutline\":\"false\",\"direction\":\"1\",\"pageSize\":\"0\",\"source\":\"http:\\\/\\\/imgezen.com\\\/wp-content\\\/uploads\\\/2023\\\/01\\\/Go\\u0308rence-Aralik-4.sayi-2022.pdf\",\"wpOptions\":\"true\"}; if(window.DFLIP && window.DFLIP.parseBooks){window.DFLIP.parseBooks();} Go\u0308rence Aral\u0131k-4.say\u0131-2022\u0130ndir","protected":false},"author":1,"featured_media":0,"parent":0,"menu_order":0,"comment_status":"closed","ping_status":"closed","template":"","meta":[],"_links":{"self":[{"href":"https:\/\/imgezen.com\/index.php\/wp-json\/wp\/v2\/pages\/3208"}],"collection":[{"href":"https:\/\/imgezen.com\/index.php\/wp-json\/wp\/v2\/pages"}],"about":[{"href":"https:\/\/imgezen.com\/index.php\/wp-json\/wp\/v2\/types\/page"}],"author":[{"embeddable":true,"href":"https:\/\/imgezen.com\/index.php\/wp-json\/wp\/v2\/users\/1"}],"replies":[{"embeddable":true,"href":"https:\/\/imgezen.com\/index.php\/wp-json\/wp\/v2\/comments?post=3208"}],"version-history":[{"count":4,"href":"https:\/\/imgezen.com\/index.php\/wp-json\/wp\/v2\/pages\/3208\/revisions"}],"predecessor-version":[{"id":3295,"href":"https:\/\/imgezen.com\/index.php\/wp-json\/wp\/v2\/pages\/3208\/revisions\/3295"}],"wp:attachment":[{"href":"https:\/\/imgezen.com\/index.php\/wp-json\/wp\/v2\/media?parent=3208"}],"curies":[{"name":"wp","href":"https:\/\/api.w.org\/{rel}","templated":true}]}}