{"id":3185,"date":"2022-11-11T08:37:47","date_gmt":"2022-11-11T05:37:47","guid":{"rendered":"https:\/\/imgezen.com\/?page_id=3185"},"modified":"2022-11-11T08:37:48","modified_gmt":"2022-11-11T05:37:48","slug":"gorence-dergisi-sayi3","status":"publish","type":"page","link":"https:\/\/imgezen.com\/index.php\/gorence-dergisi-sayi3\/","title":{"rendered":"G\u00d6RENCE DERG\u0130S\u0130 SAYI:3"},"content":{"rendered":"\n<div class=\"_df_book df-lite\" id=\"df_3165\"  _slug=\"kasim-2022\" data-title=\"kasim-2022\" wpoptions=\"true\" thumbtype=\"\" ><\/div><script class=\"df-shortcode-script\" nowprocket type=\"application\/javascript\">window.option_df_3165 = {\"outline\":[],\"autoEnableOutline\":\"false\",\"autoEnableThumbnail\":\"false\",\"overwritePDFOutline\":\"false\",\"direction\":\"1\",\"pageSize\":\"0\",\"source\":\"http:\\\/\\\/imgezen.com\\\/wp-content\\\/uploads\\\/2022\\\/11\\\/Go\\u0308rence-Kasim-3.sayi-2022.pdf\",\"wpOptions\":\"true\"}; if(window.DFLIP && window.DFLIP.parseBooks){window.DFLIP.parseBooks();}<\/script>\n\n\n\n<div class=\"wp-block-file\"><object class=\"wp-block-file__embed\" data=\"http:\/\/imgezen.com\/wp-content\/uploads\/2022\/11\/Go\u0308rence-Kasim-3.sayi-2022.pdf\" type=\"application\/pdf\" style=\"width:100%;height:600px\" aria-label=\"Go\u0308rence Kas\u0131m-3.say\u0131 2022 g\u00f6m\u00fcs\u00fc. g\u00f6m\u00fcs\u00fc.\"><\/object><a id=\"wp-block-file--media-abb6edae-14fc-4b2f-ac04-e6e885d83540\" href=\"http:\/\/imgezen.com\/wp-content\/uploads\/2022\/11\/Go\u0308rence-Kasim-3.sayi-2022.pdf\">Go\u0308rence Kas\u0131m-3.say\u0131 2022<\/a><a href=\"http:\/\/imgezen.com\/wp-content\/uploads\/2022\/11\/Go\u0308rence-Kasim-3.sayi-2022.pdf\" class=\"wp-block-file__button\" download aria-describedby=\"wp-block-file--media-abb6edae-14fc-4b2f-ac04-e6e885d83540\">\u0130ndir<\/a><\/div>\n","protected":false},"excerpt":{"rendered":"window.option_df_3165 = {\"outline\":[],\"autoEnableOutline\":\"false\",\"autoEnableThumbnail\":\"false\",\"overwritePDFOutline\":\"false\",\"direction\":\"1\",\"pageSize\":\"0\",\"source\":\"http:\\\/\\\/imgezen.com\\\/wp-content\\\/uploads\\\/2022\\\/11\\\/Go\\u0308rence-Kasim-3.sayi-2022.pdf\",\"wpOptions\":\"true\"}; if(window.DFLIP && window.DFLIP.parseBooks){window.DFLIP.parseBooks();} Go\u0308rence Kas\u0131m-3.say\u0131 2022\u0130ndir","protected":false},"author":1,"featured_media":0,"parent":0,"menu_order":0,"comment_status":"closed","ping_status":"closed","template":"","meta":[],"_links":{"self":[{"href":"https:\/\/imgezen.com\/index.php\/wp-json\/wp\/v2\/pages\/3185"}],"collection":[{"href":"https:\/\/imgezen.com\/index.php\/wp-json\/wp\/v2\/pages"}],"about":[{"href":"https:\/\/imgezen.com\/index.php\/wp-json\/wp\/v2\/types\/page"}],"author":[{"embeddable":true,"href":"https:\/\/imgezen.com\/index.php\/wp-json\/wp\/v2\/users\/1"}],"replies":[{"embeddable":true,"href":"https:\/\/imgezen.com\/index.php\/wp-json\/wp\/v2\/comments?post=3185"}],"version-history":[{"count":1,"href":"https:\/\/imgezen.com\/index.php\/wp-json\/wp\/v2\/pages\/3185\/revisions"}],"predecessor-version":[{"id":3186,"href":"https:\/\/imgezen.com\/index.php\/wp-json\/wp\/v2\/pages\/3185\/revisions\/3186"}],"wp:attachment":[{"href":"https:\/\/imgezen.com\/index.php\/wp-json\/wp\/v2\/media?parent=3185"}],"curies":[{"name":"wp","href":"https:\/\/api.w.org\/{rel}","templated":true}]}}